se 4*p = -h + 3*h + 19640, 0 = -5*p + 2*h + a. Is p a composite number?
False
Suppose 9*x = 8*x + 2. Suppose 0 = 5*o - z - 25, 0 = x*o - 4*z + 2*z - 18. Suppose -f - o = 0, -l + 117 = -5*f - 1302. Is l a composite number?
False
Suppose 21*r - 427813 = 801590. Is r a composite number?
False
Let f(t) = 256*t**2 + t + 15. Let r be f(7). Suppose -3*q = o - 3*o + r, 0 = o + 6*q - 6313. Is o composite?
True
Suppose 2*v = 2*k - 330950, -2*k - v = -327589 - 3379. Is k composite?
True
Suppose -3*y + y = -4*j - 14, 5*y + 3*j + 4 = 0. Suppose -20*p + y + 39 = 0. Suppose -3*w + p*r = 7*r - 10138, -5*r = 5*w - 16880. Is w composite?
False
Let f(m) = 447*m - 143. Let l be (30 - 32)/((-3*1)/24). Is f(l) prime?
False
Suppose -15*u = 5*u - 80. Suppose -3*c - 1161 = -u*c + h, 5*c + h = 5817. Is c a composite number?
False
Suppose -17*w - 166 + 47 = 0. Let z be (-4)/(-6) + 14/(-21). Is 4 + -1 - (z + 194)*w prime?
True
Let b(z) = -36*z - 47*z + 27*z - 19. Let w(o) = -2*o**2 + 20*o - 4. Let g be w(10). Is b(g) a prime number?
False
Let u = 2220 - 70. Suppose -21*s + 26*s - u = 0. Let c = s + 111. Is c prime?
True
Let o = 377271 - 244360. Is o composite?
False
Suppose -5*l + a = -9356, 0 = -l - 27*a + 26*a + 1870. Is l a prime number?
True
Let o(f) = -4*f**3 - f**2. Let g be o(-1). Suppose g = 38*b - 39*b. Is b/((-18)/18932) + 2/(-6) composite?
True
Let u be (-32)/(-1) - (7 - 5). Let m = 36 - u. Let c(w) = 4*w**2 - 2*w - 5. Is c(m) prime?
True
Let b = 373 + -371. Let g(j) = 44*j**3 + 9*j**2 - 4*j + 10. Let n be g(8). Is n/9 - b - (-3)/9 prime?
False
Let v(b) = -14*b**3 + 5*b**2 + 3*b - 10. Let n be v(5). Let u = -1067 - n. Is u a prime number?
False
Let u = 24352 - -17200. Let t = -27601 + u. Is t a composite number?
True
Suppose -64*y - 708687 = -127*y. Is y a prime number?
False
Let p be -3*1 - (-2 - 3 - 2). Suppose p*c - 964 = 2*c. Let w = c - 217. Is w a prime number?
False
Let y = -760 + 33. Let r = y + 1916. Is r a composite number?
True
Let g = -214536 - -440203. Is g composite?
True
Is 3 + -1 - (-17787 + -158) composite?
True
Let o(k) = 12*k**2 + 2*k + 7. Suppose 0 = 3*q - 15, y + 220 = -y - 2*q. Let i = y - -111. Is o(i) composite?
False
Is -505 + 498 + (-1)/(1/(-151800)) prime?
False
Let j(h) = -15 - 15*h - 47*h + 71*h - 50*h. Let p(b) = -20*b - 7. Let c(i) = 2*j(i) - 5*p(i). Is c(6) a composite number?
False
Is (49/343 - (-18)/(-28))*-215126 a prime number?
True
Let m(g) = 3*g**3 + g**2 + g. Let b be m(-1). Let d(u) be the second derivative of 19*u**4/12 + 2*u**3/3 + 4*u**2 + 409*u. Is d(b) a composite number?
False
Is ((-834109 + 1)/(-3) + 6)/(6 + -4) prime?
True
Let z(o) = 13*o + 16. Let q be z(-1). Suppose 2258 = -q*r + 16409. Is r a prime number?
False
Let o(m) be the second derivative of -2531*m**5/20 + m**4/6 + m**3/2 + m**2/2 - 3*m + 7. Is o(-1) a prime number?
True
Let h(g) = -3*g**3 - 100*g**2 - 124*g + 106. Is h(-45) a prime number?
True
Suppose -13*s + 17*s = 0. Suppose -5*x + q + 58199 = s, 34923 = 3*x - 3*q + 6*q. Suppose -1948 = -a - 3*v, -v + 1948 = -5*a + x. Is a a composite number?
True
Let s be -13142 - ((-10)/50 + (-19)/5). Let k = -3161 - s. Is k a prime number?
False
Suppose 377*s - 10585885 = 192*s. Is s composite?
False
Suppose 812 = -3*x - 1456. Is 7/(x/(-184812)) + 4/(-18) a prime number?
False
Suppose -68 = 4*j + 5*t, -t = -2*j - 2*t - 28. Let n be (-2)/((-8)/j) - -630. Suppose 5*b + n - 18092 = 0. Is b prime?
False
Suppose -4102*i = -4091*i - 875787. Is i a composite number?
True
Suppose 5*p + 2531793 = 2*o, 2518*o + 3*p = 2522*o - 5063593. Is o composite?
False
Let x(p) be the second derivative of -p**4/12 - 3*p**3/2 - 6*p**2 - 11*p. Let w be x(-8). Is 5429/4 - (-1)/(-4) - w prime?
True
Let z(y) = -360*y + 893. Is z(-78) prime?
False
Let f = -71 + 65. Let q be 1*f/(30/(-155)). Suppose q*c - 2099 = 30*c. Is c a prime number?
True
Let l(o) = 9*o + 15. Let j be l(-8). Is (j/(-76))/((-6)/(-1424)) a prime number?
False
Let h(x) be the first derivative of 2804*x**3 - x**2/2 + 2*x + 21. Is h(1) prime?
False
Suppose -53*w - 40 = -55*w. Let z be (w/25)/(2/(-4))*-4980. Suppose -1170 = -6*i + z. Is i a composite number?
False
Suppose 21*h = 7500619 + 2912118 - 1350670. Is h prime?
False
Let a = -106 + 205. Let q = a - 61. Is 26/(q/(-14) - -3) composite?
True
Let g(u) = u**3 + 10*u**2 - 17*u - 16. Let b be g(-11). Let j = b + -50. Suppose 0*z = -4*z, j = -n - 3*z + 14. Is n prime?
False
Let o = 1403 - 194. Suppose -68*s - o = -71*s. Is s composite?
True
Let t be (-9)/4 + 2 + 17/4. Suppose t*m + 10 = 9*m. Suppose i = w - 955, 4*w - 3820 = -0*w + m*i. Is w composite?
True
Let b(o) be the second derivative of o**4/12 - 3*o**3/2 + 24439*o**2/2 - o - 15. Is b(0) a composite number?
False
Suppose 4*m = m + 2*h + 151527, 0 = -5*m - 7*h + 252607. Is m a prime number?
True
Let d be (-58*85/40)/(1/100). Let m = 26462 + d. Is m a composite number?
True
Let s = 580 - 265. Let n = s + 912. Is n a composite number?
True
Let z(s) be the third derivative of 37*s**5/30 + s**4/3 - 13*s**3 + s**2 - 70. Is z(10) prime?
False
Suppose 54*v - 129191 = 13*v. Suppose -39*s + v = -38*s. Is s a composite number?
True
Suppose 2*z - z - 3*g - 16 = 0, -3*z + 41 = -2*g. Let o = 386 + -208. Let k = o + z. Is k a composite number?
False
Let l(n) = 7*n**3 - 5*n**2 - 12*n - 17. Let q be l(9). Let m = q + -66. Is m a prime number?
True
Suppose -4*u + 163883 = -z, 0 = -u - 2*z + 17441 + 23514. Is u a prime number?
False
Let b(f) = -f - 22. Let h be b(-16). Let p be h + 4 + 4 - -2. Suppose -5*m - 46 = -5*s - 221, -p*s = 4*m - 156. Is m a composite number?
False
Let f = -384991 - -1052172. Is f prime?
True
Let k = 70135 - 49454. Is k prime?
True
Let g be (-1)/(2/8) + (9 - 3). Suppose -h + 16077 = g*h. Suppose -w + 2*l + h = 4*w, 1082 = w + 3*l. Is w prime?
False
Let z = -149955 - -221612. Suppose 10*n - z = 131033. Is n prime?
True
Suppose 1346768 = 19*j - 120279. Is j composite?
False
Let r = 46468 + -27985. Suppose r = 4*h - x, -2*x = 2*h + 3*x - 9247. Is h a composite number?
False
Let n = 2924 - 4243. Let r = 3222 + n. Is r composite?
True
Suppose -3*r = -3*k - 57, -3*k + 17 = 3*r - 46. Let g be 13265/(r/4) + -3. Suppose x = -9*x + g. Is x a prime number?
False
Let u = 31200 - -55847. Is u composite?
True
Suppose 11241 = -5*a + 32251. Let h = -1791 + a. Is h composite?
False
Is 4 + 570786/30 + (5 - 84/20) a prime number?
True
Let m(v) = 8018*v + 2343. Is m(4) a prime number?
False
Let u(x) = 54525*x**2 + 22*x - 31. Is u(2) a prime number?
False
Let o = -19 + 9. Let h(x) = 3*x**2 - 12*x - 17. Let v(j) = 4*j**2 - 11*j - 16. Let i(w) = 5*h(w) - 4*v(w). Is i(o) composite?
True
Let y(v) be the third derivative of -385*v**4/24 + v**3/6 + 18*v**2. Let t be y(-1). Let j = -201 + t. Is j composite?
True
Let x = 204434 - 140325. Is x a composite number?
False
Is 605636/14 - 1170/(-910) a composite number?
False
Let n(p) = 198769*p**2 - 135*p - 264. Is n(-2) a composite number?
True
Let c = 943911 - 96712. Is c prime?
False
Let z(m) = -55520*m - 387. Is z(-8) prime?
False
Is (-10628)/6*399/(-38) a prime number?
False
Let h(k) = -2*k**2 + 4*k + 4. Let p be h(3). Let s be (-1336)/18 + p/(-9). Let a = s - -367. Is a prime?
True
Suppose 11312 - 217928 = -8*o. Suppose 8*c = 9*c + 2*h - 8609, -3*c = h - o. Is c a composite number?
False
Let a = 1 + 4. Let v be a/(5/(-3)) + 3. Suppose -2*t + 235 + 643 = v. Is t a composite number?
False
Let f(y) be the first derivative of 13*y**6/60 - y**5/60 - y**4/12 + 11*y**3/6 + 9*y**2 - 13. Let j(s) be the second derivative of f(s). Is j(4) a prime number?
False
Let y = 95610 + -43687. Is y a composite number?
True
Let o = -180 - -405. Is 3149/4 - (-11 + o/20) a composite number?
False
Let v(b) be the third derivative of 17*b**4/3 - 7*b**3/2 + 8*b**2. Let h be v(6). Suppose 96 = z + y - 108, 4*z - 3*y = h. Is z composite?
True
Let u(g) = g**3 + 4*g**2 - 11*g + 9. Let l be u(-6). Suppose 2*n = -3*v - n + 13140, 21902 = 5*v + l*n. Is v a prime number?
False
Let o(i) = -8*i + 51. Let m be o(6). Suppose m*s = 71 - 32. Suppose -1228 = s*l - 17*l. Is l a prime number?
True
Let b be (-2)/4 - (-18669)/6. Suppose -20*w + 49291 - b = 0. Is w a composite number?
False
Suppose -22*k + 15*k = -21*k + 21555506. Is k prime?
True
Suppose -10195*h = -10209*h + 495